s the tens digit of u(4)?
5
Suppose 4*s = m + 3*m + 4, -m = 5*s - 5. Let t be 20/((-2)/(-1)) - m. Suppose 0 = p - 0*p - t. What is the units digit of p?
0
Suppose u - 15 = p, 4*u = -4*p + 23 + 77. What is the tens digit of u?
2
Suppose 2 = -3*l + l + 3*m, -2*l = -m - 2. Suppose -q = q - 2*g - 2, -5*q + g = -17. What is the units digit of l/(-6) - q/(-3)?
1
Let i(k) = k**2 - 3*k - 34. Let f(q) = q**2 - 4*q - 35. Let g(l) = 2*f(l) - 3*i(l). What is the tens digit of g(0)?
3
Suppose 14 = 3*s - 517. What is the tens digit of s?
7
What is the units digit of (-152)/6*156/(-26)?
2
Let t(i) = i + 8. Let h be t(0). Let g(o) = 8*o + 8. Let n be g(h). Suppose -4*w = -4*b + w + 66, -n = -5*b + w. What is the tens digit of b?
1
Suppose 0*l = -2*l + 8. Suppose 6 + 42 = l*b. What is the units digit of b?
2
Suppose 0 = 4*j + r + 2*r + 47, -2*j + 2*r - 6 = 0. What is the tens digit of (-2)/j - 236/(-16)?
1
Let w(j) = j + 7. Let v be (-2)/(-7) - (-328)/28. What is the units digit of w(v)?
9
Let g = 14 + 1. Suppose -2*w = -5*w + g. What is the units digit of w?
5
Let z = 117 + -119. Let q = 207 + -532. What is the units digit of z/(-6) + q/(-15)?
2
Suppose -s + 6*s = 95. Suppose s - 1 = f. What is the tens digit of f?
1
Let n = 0 + 8. Let a = -5 + 0. Let h = a + n. What is the units digit of h?
3
Suppose -m + 32 = 3*m - 4*v, -2*m - 2 = 4*v. Suppose -m*f + 126 = -9. What is the units digit of f?
7
Suppose s = -2 + 3. Let b be -12*(-1 + 5 + -3). What is the units digit of -1 - b - (-3 + s)?
3
Suppose 6*c - 11*c = -920. What is the units digit of c?
4
Let c = 13 + -40. Let i = c + 39. What is the tens digit of i?
1
Let w = 0 - -3. Suppose 7*q - 3*q + 3*m = 62, -q = w*m - 20. What is the tens digit of q?
1
Let p = -15 + 26. Suppose p - 77 = -2*s. What is the tens digit of s?
3
Let x be 0 - 4/(4/(-5)). Suppose 0 = -3*w + 2 + 4. Suppose -x*f = 2*c - 7, -w*f - 26 = -4*c - 0*f. What is the units digit of c?
6
Let s(x) = -x**2 + 2*x + 3. Let n be s(4). Let q = n - -8. Suppose 2*z + 3*b - 55 = -3*z, 0 = q*b - 15. What is the units digit of z?
8
Let h = 99 - 82. What is the tens digit of h?
1
Let a be (3/2)/((-14)/(-28)). What is the units digit of (-3 + a/2)*-2?
3
Let n = 74 + 10. What is the tens digit of n?
8
Suppose -3*r + 4*c = -8, -4*r - 5*c = -8 - 13. Suppose 2 = r*u - 2. Suppose 3 + u = 2*s. What is the units digit of s?
2
Let z(a) = -a**3 + 11*a**2 + 13*a - 8. Let x be z(12). Suppose 4*n - 2*o = 14, -2*n + 2*o = -6 - x. What is the units digit of n?
2
Let u(c) = 3*c**3 + 2*c**2 - 1. Let v be u(-1). Let h = -1 - v. What is the units digit of h?
1
Let z(m) = -m + 4. What is the units digit of z(3)?
1
Let c be 1/(-4) + (-13)/(-4). Let h(t) = -t + 8. Let w be h(6). Suppose -w = -c*o + 16. What is the units digit of o?
6
Suppose 18 + 1 = -j + 3*i, 13 = 3*j + 5*i. What is the tens digit of ((-17)/j)/(5/20)?
1
Let x(u) = u**2 - 7*u + 13. What is the tens digit of x(7)?
1
Let p(n) = 2*n. Let v be p(2). Let m = 6 + v. What is the units digit of m?
0
Let b(f) = 10*f**2 - 1. What is the units digit of b(-1)?
9
Let w = 75 + -60. What is the units digit of w?
5
Let r(i) = -35*i + 1. Let q be r(1). Let p = 49 + q. What is the units digit of p?
5
Let r = 4 + -8. Let o be 1*2*r/8. What is the units digit of o/(-4) - 33/(-12)?
3
Let f = -54 + 96. What is the tens digit of f?
4
Let z = -103 + 149. Let w = -32 + z. What is the units digit of w?
4
Let b = -9 + 18. Let y = -4 + b. What is the units digit of y?
5
Let h = 228 + -92. What is the tens digit of h?
3
Let t(o) be the second derivative of -o**3 - 3*o**2 + o. What is the tens digit of t(-5)?
2
Suppose -4*g + 0*g + 12 = 0. Let d(y) = -4*y**2 - 4*y**2 - 1 + 6*y**2 - 2*y + g*y**2. What is the units digit of d(3)?
2
Let p = 8 - 4. Let b be (-854)/(-35) - p/10. Let u = b - 17. What is the units digit of u?
7
Let f be 1/2 + (-39)/(-26). Let a(r) = -2*r**2 + 3*r. Let l be a(2). What is the tens digit of (-6)/f + (-34)/l?
1
What is the units digit of (824/(-16))/(-2 - 3/(-2))?
3
Suppose -11 = 5*p - 61. What is the units digit of p?
0
Let c be (-2)/9 + 33/27. Suppose w - c = -22. What is the units digit of -7*(-1 - (-15)/w)?
2
Let w(r) = r**3 - 5*r**2 + 6*r - 5. Let l be w(4). Suppose 0 = c + l*c - 52. Suppose -3*q + 14 = 4*s - c, 5*q - 22 = s. What is the units digit of s?
3
Suppose 0 = 5*i - 7*i + 44. What is the units digit of i?
2
Suppose 0 = -3*c - 3*m + m + 211, -4*c + m + 285 = 0. What is the units digit of c?
1
What is the tens digit of 4/30 - (-1209)/45?
2
Let b = -13 + 30. Let x = b + -12. What is the units digit of x?
5
Let v be 41 - (-7)/((-28)/8). Suppose 5*k - 6 = v. What is the units digit of k?
9
Suppose -2*i + 237 - 29 = 0. What is the units digit of i?
4
Let x = 75 - 18. What is the tens digit of x?
5
Suppose 0 = -3*p + 93 - 3. What is the tens digit of p?
3
Let k(b) = b**3 + 2*b**2. Let d be k(-1). Let g = 2 + d. Suppose h - 3*f - 20 = -0, g*f = -4*h + 20. What is the units digit of h?
8
Suppose -s - 3*s = -12. Suppose i - 1 - s = 0. Suppose 6*c = i*f + c - 44, -2*f - 4*c = 4. What is the units digit of f?
6
Let p = 439 + -219. What is the tens digit of p?
2
Let n be 13 - (2 + (2 - 3)). Suppose -4*z = -z - n. Suppose 6*p = -5*i + p + 35, 32 = z*i + 5*p. What is the units digit of i?
3
Let n(o) = -o**3 + 6*o**2 + o - 1. Let r be n(6). Let l(b) = 2*b**2 - 5*b + 3. Let s be l(r). Suppose 8 - s = -2*p. What is the tens digit of p?
1
Suppose 21*x - 22*x + 3 = 0. What is the units digit of x + 2/((-6)/(-3))?
4
Let l be 2/(-6) + 1/3. Let m(r) = 5*r - 10. Let j(n) = 4*n - 9. Let a(i) = -4*j(i) + 3*m(i). What is the units digit of a(l)?
6
Let l(x) = x**2 + 16*x + 18. Let c be l(-12). Let g = -5 - c. What is the units digit of g?
5
Let o = -22 - -121. What is the units digit of o?
9
Let m = 0 + 0. Suppose 0*r - b - 10 = -3*r, -b - 4 = m. Suppose 3*c + 6 = 2*f, r*f + c + c - 26 = 0. What is the units digit of f?
9
Let s = 2 + 19. What is the tens digit of s?
2
Let d be (-938)/(-42) + (-1)/3. Let j = d + 13. What is the units digit of j?
5
Let k be (-8)/12 + (-1)/3. Let d = k - -4. Suppose -5*v - 5*o = -d*o - 39, 5*v - 3*o = 54. What is the units digit of v?
9
Suppose 4*i - 6 - 2 = 0. Let c be (4/8)/(i/28). What is the units digit of 37/c - 4/14?
5
Let s(r) = -6*r + 20. What is the tens digit of s(-8)?
6
What is the tens digit of (-12)/(-66) + 1*(-1470)/(-22)?
6
Let c(s) be the third derivative of -s**5/60 + s**4/8 - s**3/3 - 2*s**2. Let o be c(2). Suppose 4*b + 19 - 79 = o. What is the units digit of b?
5
Let v = -4 - 1. Let j(u) = u**2 + 5*u + 2. Let s be j(v). Suppose -3*g + 26 = s. What is the units digit of g?
8
Let n(y) = 6*y**2 + 14*y - 16. What is the hundreds digit of n(-8)?
2
Suppose -f + 0 = 3*z + 1, 2*f + 5*z - 1 = 0. Suppose 2*y = 2*k - 2, -5*k - 3 = -2*y + 7. Let r = f + y. What is the units digit of r?
3
What is the tens digit of (329 - 4) + (4 - (-4 - -7))?
2
Let i(n) = 5*n**3 - n**2 + n - 1. Suppose 0 = d - y - 2*y - 17, -5*y = 5*d + 15. Suppose -4 = -d*r - 2*r. What is the units digit of i(r)?
4
Let b be (-8)/12*(-39)/(-2). What is the units digit of 3/(b/(-4) + -3)?
2
What is the units digit of ((-1)/(-4))/(9/108)?
3
Suppose -2*f = 4*x - 54 - 28, 0 = -2*f - 2*x + 76. What is the units digit of f?
5
Let m(n) = n + 18. What is the units digit of m(-16)?
2
Suppose -5*b + f = 5*f - 117, 4*b + 4*f - 96 = 0. Suppose -4*q + 57 = 5*w, -4*w - 1 + b = 0. What is the units digit of q?
8
Let b(t) = -t**3 - 9*t**2 + 6*t - 19. What is the units digit of b(-10)?
1
Let z = 19 - 0. What is the units digit of z?
9
Let h(p) = p**2 + p + 6. Let a be h(0). Let y(i) = i**3 - 5*i**2 - 5*i + 8. Let n be y(a). Let f = 21 - n. What is the units digit of f?
7
Suppose 0 = 7*u - 21*u + 5166. What is the units digit of u?
9
Suppose 0 = 46*g - 52*g + 1920. What is the units digit of g?
0
Let u be 2 + (0 - (-4 - -2)). Let s be 6/(-3) - 1 - -5. Suppose s*b = u*j + 14, j - 2*j = -2*b + 17. What is the units digit of b?
9
Let y = 6 + -4. Let t(n) = -3*n**2 - n**2 + y*n**2 + 7*n**3 + 2*n - 1. What is the units digit of t(1)?
6
Suppose 20 = 2*c + 3*j - 46, -3*c + 99 = -4*j. What is the tens digit of c?
3
Suppose -4*k + o + 24 = 5*o, -2*k + 3*o + 2 = 0. Suppose -4*m + k = -24. What is the units digit of m?
7
Let p(o) = -o**2 - 6*o + 4. Let r(